ve of f(y). What is d(-3)?
-4
Let r(p) = 2*p**3 + 26*p**2 + 41*p - 25. Let h be r(-11). Let d(k) be the first derivative of -4 - 1/2*k**2 + 9*k. Give d(h).
1
Let m(n) be the third derivative of 12*n + 1/12*n**4 - n**2 - 1/3*n**3 + 0. What is m(2)?
2
Let x(l) = -19*l**2 + 5*l - 11. Let n(s) = -41*s**2 + 13*s - 23. Let y(r) = -6*n(r) + 13*x(r). Determine y(-7).
37
Let a = -22 + 23. Let b(r) be the first derivative of -21*r**4/4 + 2*r**3/3 - r - 2452. Calculate b(a).
-20
Let a(c) be the first derivative of 7 + 3*c + 2*c**3 - 3/2*c**2 - 1/4*c**4. What is a(5)?
13
Let i(c) = -c**2 + 5*c + 1. Let h be i(4). Suppose -h = 15*q + 55. Let x(b) be the second derivative of -b**4/12 - 7*b**3/6 - 3*b**2 - b. Calculate x(q).
6
Suppose -64*h - 60 = -76*h. Let k(x) = 0 + 11 + 1 + 3*x - h*x - 18 + x**2. Calculate k(5).
9
Let s(g) = 2*g**2 + 4*g + 38. Let u = -118 - -113. Let z(j) = -j**2 - 2*j - 21. Let x(w) = u*z(w) - 3*s(w). Calculate x(-5).
-24
Let f(z) be the third derivative of -z**5/60 - z**4/24 - 2*z**2 - 717*z. What is f(6)?
-42
Suppose -17433 = 3*t - 17424. Let m(j) = j**3 - 5*j**2 + 6*j - 5*j**2 + 4 + 14*j**2 + 1. Give m(t).
-4
Let q(v) = 7*v. Suppose 0 = 9*z + 57 + 51. Let w = 11 - z. Suppose 20 - w = -3*b. Determine q(b).
7
Suppose 2 = -5*q + 18*v - 16*v, -4*q - 5 = -5*v. Let x(k) = 0*k + 0*k - k**3 - k + 6. What is x(q)?
6
Suppose 32*j = -32 + 128. Let c(w) be the second derivative of w**4/6 - w**3/3 + w**2/2 - 36*w. Determine c(j).
13
Let l(t) = -2*t. Let d = -98 - 35. Let w = -129 - d. What is l(w)?
-8
Let j(u) be the third derivative of u**5/60 + 7*u**4/6 - 31*u**3/3 + 3547*u**2. Determine j(-31).
31
Let b(f) = -f**3 - 5*f**2 + 8*f + 14. Let z be b(-6). Let p(i) be the first derivative of -18 + 0*i + 14*i**z + 13*i**2 - 28*i**2 + 3*i. What is p(7)?
-11
Let h(q) = -q**3 + 3*q**2 + 2. Suppose -55*x + 58*x + 13 = v, 0 = 4*v + 3*x - 7. Calculate h(v).
-14
Let k(j) = 4 - 3*j - 1963*j**3 - 9*j + 7*j**2 + 1962*j**3 + j**2 - 3*j. Give k(7).
-52
Let x = 82 + -56. Let s = x + -14. Suppose -6*m - s = -0*m. Let u(d) = -2*d**2 - d + 2. Calculate u(m).
-4
Let m(k) = -k**3 + 3*k**2 - 2*k + 1. Let o be m(2). Suppose b - 3*j + 6 = -0*j, 5*b - 30 = -5*j. Let c(t) = 1 + 4*t - b - 1 + 2. Calculate c(o).
3
Let m = 8080 + -8069. Let r(i) = i**2 - 7*i - 13. Determine r(m).
31
Let q(u) = 6*u**2 - 60*u + 54. Suppose 36*k + 81*k - 700 - 353 = 0. What is q(k)?
0
Let r be 4/18 + 1156/(-18). Let j = 120 + -177. Let i = r - j. Let n(m) = -m**3 - 6*m**2 + 7*m + 5. What is n(i)?
5
Let o(g) be the third derivative of 0 - 1/3*g**3 + 14*g**2 + 1/24*g**4 + 0*g. Calculate o(5).
3
Let q(l) be the second derivative of l**3/3 - 3*l**2 - 44*l. Let u(v) be the first derivative of -v**3/3 + 3*v**2/2 + 3*v - 11. Let s be u(5). Calculate q(s).
-20
Let r be ((-11)/(-8) - (67 - 65))/((-1)/8). Let v(s) = -s**2 - 4. Give v(r).
-29
Let s(y) = -5*y**2 - 17*y + 15. Let j be s(1). Let n(l) = -l**2 - 13*l - 23. Determine n(j).
19
Let g(h) = -h**2 - 11*h + 7. Let a = 305 + -299. Let i be 9/(((-6)/(-12))/(a/(-9))). What is g(i)?
-5
Let i = -31 - -36. Suppose -s + i*v = -21, 3*s - 21 = -0*s + v. Let n(r) = -6*r - 4. Let f(z) = -z - 1. Let q(h) = -11*f(h) + 2*n(h). Determine q(s).
-3
Suppose 0 = -5*u + 3*u + 10. Let l(d) = -4*d + 5. Let q(p) = 1. Let a(c) = -l(c) - 2*q(c). Determine a(u).
13
Let k(c) be the third derivative of c**8/20160 - c**7/1680 - c**6/240 + c**5/30 - 3*c**4/8 - 54*c**2. Let p(y) be the third derivative of k(y). Calculate p(4).
1
Suppose -213*k + 28 + 131 = -480. Let j(n) be the first derivative of n**3/3 - n**2/2 + 3*n - 2. Determine j(k).
9
Let p(k) = -12*k + 262. Let u(y) = 8*y**2 - 8*y - 25. Let i be u(3). Give p(i).
-14
Let z = 209 - 198. Let h(o) = -17 - o - z + 11. What is h(-10)?
-7
Let l = 18 + 60. Suppose 4*f - 60 = -o + 2*o, 5*f - 2*o = l. Suppose f*v + 3*v - 102 = 0. Let p(n) = n**3 - 6*n**2 - 1. Determine p(v).
-1
Let j(s) = 8*s - 139. Let u(n) = -3*n**2 - 63*n - 189. Let w be u(-17). Give j(w).
-19
Let s(j) = -j + 1. Let h be (4/(-14))/((-12)/(-63))*(-16)/(-12). Give s(h).
3
Let p be 20/(-6)*(-6)/5. Let u(h) = 43*h - 15. Let t(m) = -15*m + 5. Let i(x) = 11*t(x) + 4*u(x). Give i(p).
23
Let n(i) = -7*i**2 + 18*i + 4. Suppose 2*d + z - 9 = -0, -12 = -3*d - z. Let v be n(d). Let u(q) = -q**3 - 6*q**2 - 3*q - 2. Determine u(v).
-12
Suppose 12*v = 16*v - 3*l - 54, 0 = -2*v - l + 2. Let y(u) be the first derivative of -4*u - 1/3*u**3 + 7/2*u**2 + 1. Determine y(v).
2
Let x(a) be the third derivative of -a**6/60 - 11*a**5/60 + 7*a**4/24 + 19*a**3/6 - 1603*a**2. Give x(-6).
13
Let n(a) = 6*a**3 + 19*a**2 - 30*a - 4. Let f(o) = o**3 + 4*o**2 - 6*o - 1. Let l(r) = -11*f(r) + 2*n(r). Suppose 49*y + 25 = 54*y. Calculate l(y).
8
Let s(y) be the first derivative of -41*y - 1/3*y**3 - 1/4*y**4 - 3 + 0*y**2. What is s(0)?
-41
Let s(b) = 32*b + 1. Let w(n) = -22*n - 1. Let u(z) = -s(z) - 2*w(z). Suppose -6*o = -3*o - 6. Calculate u(o).
25
Let i(m) = m**3 + 2*m**2 - 2*m + 2. Let z be i(-2). Let q(v) = -v**2 + 20*v + 26. Let u be q(21). Let j(l) = -l + u + 0 + 7. Give j(z).
6
Let z(o) be the first derivative of -o**4/2 + o**3 + 3*o**2/2 + 16*o + 4853. Determine z(3).
-2
Let p(o) = 28*o**2 - 104*o**2 + 21*o**2 + 28*o**2 + 19*o**2. Suppose 0 = -3*g + 5*u - 99, -2*g = -5*g + u - 87. Let a be (-8)/g + 27/(-21). Determine p(a).
-8
Suppose -24*b - 74 = 94. Let n(j) = j**2 + 7*j + 7. Determine n(b).
7
Let g(h) be the second derivative of -2/3*h**3 + 18*h + 2 + 8*h**2. Determine g(5).
-4
Let x(m) = 2*m**3 - m. Let o = -391 + 474. Suppose -o*p = -81*p + 2. What is x(p)?
-1
Let c(d) be the third derivative of d**5/60 + d**4/24 - 5*d**3/6 + d**2. Let w = 386 + -341. Suppose -46*g = -w*g + 5. Give c(g).
15
Let j(h) be the third derivative of 0 - 54*h**2 + 0*h - 1/60*h**5 + 2/3*h**3 - 1/24*h**4. Calculate j(3).
-8
Let f(y) = 5*y**2 + 5*y**3 + 2*y**3 + 14*y**2 - 19 - 4*y**2 - 17*y - 6*y**3. Determine f(-16).
-3
Let c be 2*(-4 + 2)*(-3)/4. Let j(w) = -3*w - 4*w**2 - c + 5*w**2 + 4 + 5*w. Suppose -2*o = 4*n, 3*o + 5*n = 3 - 2. Give j(o).
9
Let q(w) = -4 + 4 + 22*w**2 - 1. Suppose -3*d + 13 = 4*z, 11*z - z - 24 = 16. Give q(d).
21
Let c(m) be the first derivative of m**3/3 - 13*m**2/2 - 47*m + 1375. Determine c(16).
1
Suppose -4*b = -20, 4*z - 8*z = -2*b - 14. Suppose z*o + 6*o = 0. Let w(g) = -g**2 + 2. Determine w(o).
2
Suppose 0 = 4*r + 6*r. Suppose -7*z + 25 = -2*z - 5*q, q - 1 = r. Let y(x) = x**2 + 2*x - 1. Let l(s) = -4*s**2 - 16*s. Let a(o) = -l(o) - 5*y(o). What is a(z)?
5
Let y(c) = -6 + c**3 - 141*c + 141*c + 8 + 3*c**2. Suppose u - 6*u - 15 = 0. Calculate y(u).
2
Let w(p) = -2*p. Suppose -11*i - 2*r = -9*i - 128, 2*i - 3*r = 118. Suppose i*u - 8 = 60*u. Give w(u).
-8
Let x(d) be the first derivative of 2*d**2 + 2*d - 2. Let u be 6 + (-4)/(-8)*-22. Let o be -3 + -4 + 7 + 1 + u. What is x(o)?
-14
Let y(m) be the third derivative of -m**5/60 - m**4/6 + 43*m**3/6 + 1667*m**2. Calculate y(5).
-2
Let v(q) = -180*q - 184*q + 551*q - 54 - 185*q. Determine v(21).
-12
Let l be 2/8 - ((-161)/28 + 3). Let t(f) = -l*f - 3*f + 5*f + 0 - 2. Suppose 6*u - 2*u = 8. Give t(u).
-4
Suppose -3*r = 2 - 8. Let q(d) = 2 - 3 - 5*d**3 + r. Determine q(-1).
6
Let g(y) = -y**2 + 9*y - 8. Let h be (0 + 2 - -133) + (1 - -1). Let i = h - 128. Give g(i).
-8
Suppose 5*w = 2*n + 8, 2*w - 5*n = 4 - 5. Let k(b) = -2*b + 10. Let x(u) = u - 4. Let v(i) = w*k(i) + 5*x(i). Give v(3).
3
Let h = -17 - -12. Let m be (-6)/(-33) + 20/11. Let k(b) = -6*b**2 + 5 - 6*b + 9*b + 9*b + 7*b**m. Give k(h).
-30
Let q(z) = -z**2 + 6*z - 7. Let d be q(3). Let u be d/12 - (-236)/24. Let l(v) = u*v + 6 + 3 - 9. Determine l(1).
10
Let p(v) = 38*v**3 + 6 - 8*v + 34*v**3 - 10*v**2 - 113*v**3 + 40*v**3. Let r be p(-9). Let w(t) = -t**2 + t. Give w(r).
-12
Let i(b) be the first derivative of b**2/2 + 4*b + 12664. Suppose -o + 2*k - 14 = 3*k, 41 = -4*o - k. Give i(o).
-5
Let s be (114/(-247))/((-1)/13). Let j(o) be the first derivative of 5 + 1/2*o**2 + 2*o. What is j(s)?
8
Let g(m) = -11*m**2 + 160*m + 4. Let r(u) = 13*u**2 - 190*u - 5. Let z(c) = -6*g(c) - 5*r(c). Give z(11).
12
Let v(n) be the third derivative of n**7/1008 + 5*n**5/6 - n**4/12 + 105*n**2. Let w(f) be the third derivative of v(f). Calculate w(3).
15
Let k(l) = -3*l**3 - 19*l**2 - 2